{"id":53,"date":"2021-06-06T10:53:54","date_gmt":"2021-06-06T08:53:54","guid":{"rendered":"http:\/\/lesmarmitesdetoto.fr\/?page_id=53"},"modified":"2023-12-23T17:58:34","modified_gmt":"2023-12-23T16:58:34","slug":"martote","status":"publish","type":"page","link":"https:\/\/lesmarmitesdetoto.fr\/index.php\/les-confitures\/martote\/","title":{"rendered":"Douceur de Coco"},"content":{"rendered":"\n<p>C\u2019est lors d\u2019un voyage d\u2019\u00e9tudes en Malaisie que je d\u00e9couvre cette \u201cconfiture\u201d ! Son go\u00fbt unique, inconnu des papilles Europ\u00e9ennes, se rapproche de la texture de confiture de lait de vache normande, toutefois avec un aspect cr\u00e9meux \u00e0 temp\u00e9rature ambiante.\u00a0 Sa saveur est diff\u00e9rente de la confiture de lait puisqu\u2019elle int\u00e8gre des \u0153ufs ainsi qu\u2019une essence aromatique asiatique. Il s\u2019agit d\u2019une p\u00e2te \u00e0 tartiner qui se situe entre la cr\u00e8me de lait de coco et confiture de type\u00a0<em>Dulce de l\u00e8che<\/em>\u00a0ayant une consistance de cr\u00e8me de marron.<\/p>\n\n\n\n<p>Elle contient moins de sucre (33-42%) qu\u2019une confiture de fruit ou de lait \u00e0 45\/55% environ.\u00a0<br>Son \u00e9laboration est plus complexe que la confiture de lait de vache puisque la pr\u00e9sence d\u2019oeuf n\u00e9cessite des ajustements au niveau de la cuisson. Le lait de coco ne se travaille pas de la m\u00eame mani\u00e8re (pas d\u2019\u00e9bullition). Pour travailler la consistance, il est parfois n\u00e9cessaire de couper le lait de coco avec de la cr\u00e8me de coco, plus riche.<br>Les trois \u00e9tapes diff\u00e9rentes de la cuisson n\u00e9cessitent une attention permanente.<\/p>\n\n\n\n<p>Depuis 2019, j\u2019ai affin\u00e9 cette recette par un travail de recherche et de tests la recette finale de cette cr\u00e8me avant d\u2019envisager de la mettre en vente. Ces tests m\u2019ont permis de choisir les ingr\u00e9dients, leurs caract\u00e9ristiques, la cuisson, l\u2019encha\u00eenement des \u00e9tapes et la dur\u00e9e de chacune d\u2019entre elles.<\/p>\n\n\n\n<p>Je continue actuellement de tester la substitution du sucre par du miel, de la fleur de coco ou sirop d\u2019agave mais aussi de d\u00e9cliner la version finale en confiture bio et\/ou vegan.<\/p>\n\n\n\n<figure class=\"wp-block-image\"><img loading=\"lazy\" decoding=\"async\" width=\"721\" height=\"401\" src=\"http:\/\/lesmarmitesdetoto.fr\/wp-content\/uploads\/2021\/06\/kaya.jpeg\" alt=\"\" class=\"wp-image-5\" srcset=\"https:\/\/lesmarmitesdetoto.fr\/wp-content\/uploads\/2021\/06\/kaya.jpeg 721w, https:\/\/lesmarmitesdetoto.fr\/wp-content\/uploads\/2021\/06\/kaya-300x167.jpeg 300w\" sizes=\"(max-width: 721px) 100vw, 721px\" \/><\/figure>\n\n\n\n<p><strong>Le choix des ingr\u00e9dients<\/strong><\/p>\n\n\n\n<p>Le&nbsp;<strong><em>lait de coco<\/em>&nbsp;<\/strong>est&nbsp;r\u00e9alis\u00e9, comme son nom l\u2019indique, \u00e0 partir de&nbsp;<strong>noix de coco<\/strong>&nbsp;\u2013 un&nbsp;<strong>fruit ol\u00e9agineux<\/strong>&nbsp;du cocotier appartenant \u00e0 la famille des Ar\u00e9cac\u00e9es (autrement dit, du palmier).&nbsp;Il se cultive principalement en C\u00f4te d\u2019Ivoire, en R\u00e9publique dominicaine, au Ceylan, au Kenya ou encore aux Philippines. Le lait de coco est&nbsp;<strong>onctueux<\/strong>&nbsp;car il est riche en mati\u00e8res grasses (environ 17%). A la diff\u00e9rence de la cr\u00e8me de coco, le&nbsp;<strong>lait de coco est dilu\u00e9<\/strong>&nbsp;afin de respecter 30% eau 70% coco.<br>Le principal&nbsp;<strong>atout du lait de coco<\/strong>&nbsp;est sans doute son&nbsp;<strong>absence de lactose<\/strong>, qui en fait une alternative gourmande aux produits laitiers pour les intol\u00e9rants au lactose. Gr\u00e2ce \u00e0 sa<strong>&nbsp;teneur \u00e0 la fois en glucides, en prot\u00e9ines et en lipides<\/strong>, il a \u00e9galement comme avantage de poss\u00e9der un index glyc\u00e9mique de 30, ce qui permet d\u2019avoir un&nbsp;<strong>faible impact sur la glyc\u00e9mie<\/strong>.<br><br>Pour l\u2019instant, je me contente d\u2019utiliser des r\u00e9f\u00e9rences Asiatiques reconnues comme Aroy-D 100% coco.<\/p>\n\n\n\n<p>Le&nbsp;<strong><em>baquois<\/em><\/strong>,&nbsp;<strong><em>pandanus<\/em><\/strong>&nbsp;est un arbre dio\u00efque \u00e0 feuillage persistant originaire des r\u00e9gions tropicales d\u2019Asie du Sud-Est et des Iles du Pacifique. Cet arbre poss\u00e8de des fruits ovo\u00efdes, en \u00e9t\u00e9, mesurant entre 15 et 25 cm de long, compos\u00e9s de drupes fibreuses les unes \u00e0 c\u00f4t\u00e9 des autres, de couleur jaune ou vert clair avec les faces internes jaune-orang\u00e9. Ses feuilles renferment une essence bien particuli\u00e8re consid\u00e9r\u00e9e parfois comme la vanille asiatique puisqu\u2019elle permet de parfumer plats et g\u00e2teaux.<\/p>\n\n\n\n<p>Le&nbsp;<em><strong>sucre brun<\/strong><\/em>&nbsp;utilis\u00e9 dans cette confiture est&nbsp;non raffin\u00e9.&nbsp;Le raffinage consiste notamment \u00e0 colorer gr\u00e2ce \u00e0 un proc\u00e9d\u00e9 industriel les diff\u00e9rents sucres ainsi qu\u2019\u00e0 retirer toutes ses vitamines et ses min\u00e9raux.<\/p>\n\n\n\n<p>Le&nbsp;<em><strong>sel de Gu\u00e9rande<\/strong><\/em>&nbsp;est directement achet\u00e9 sur les march\u00e9s proche de la r\u00e9gion de Gu\u00e9rande. Il s\u2019agit de fleur de sel ajout\u00e9 \u00e0 la pr\u00e9paration \u00e0 l\u2019une des \u00e9tapes de fabrication (celle incluant la fabrication du caramel).<\/p>\n","protected":false},"excerpt":{"rendered":"<p>C\u2019est lors d\u2019un voyage d\u2019\u00e9tudes en Malaisie que je [&hellip;]<\/p>\n","protected":false},"author":1,"featured_media":0,"parent":22,"menu_order":0,"comment_status":"closed","ping_status":"closed","template":"template-fullwide.php","meta":{"footnotes":""},"jetpack_sharing_enabled":true,"jetpack-related-posts":[],"_links":{"self":[{"href":"https:\/\/lesmarmitesdetoto.fr\/index.php\/wp-json\/wp\/v2\/pages\/53"}],"collection":[{"href":"https:\/\/lesmarmitesdetoto.fr\/index.php\/wp-json\/wp\/v2\/pages"}],"about":[{"href":"https:\/\/lesmarmitesdetoto.fr\/index.php\/wp-json\/wp\/v2\/types\/page"}],"author":[{"embeddable":true,"href":"https:\/\/lesmarmitesdetoto.fr\/index.php\/wp-json\/wp\/v2\/users\/1"}],"replies":[{"embeddable":true,"href":"https:\/\/lesmarmitesdetoto.fr\/index.php\/wp-json\/wp\/v2\/comments?post=53"}],"version-history":[{"count":3,"href":"https:\/\/lesmarmitesdetoto.fr\/index.php\/wp-json\/wp\/v2\/pages\/53\/revisions"}],"predecessor-version":[{"id":134,"href":"https:\/\/lesmarmitesdetoto.fr\/index.php\/wp-json\/wp\/v2\/pages\/53\/revisions\/134"}],"up":[{"embeddable":true,"href":"https:\/\/lesmarmitesdetoto.fr\/index.php\/wp-json\/wp\/v2\/pages\/22"}],"wp:attachment":[{"href":"https:\/\/lesmarmitesdetoto.fr\/index.php\/wp-json\/wp\/v2\/media?parent=53"}],"curies":[{"name":"wp","href":"https:\/\/api.w.org\/{rel}","templated":true}]}}